- 10*z**2 - 10*z - 3. Let t be v(-9). Let b = t + -5. Let u be -1 - (2 - 4 - b). Give w(u).
-4
Let f be ((-12)/(-10))/((-9)/(-60)). Suppose 0 = 5*x - 3*x + f. Let b(z) = 1853*z - 1856*z - 1 - 5*z**2 + z**3 + 2*z**3 - 4*z**3. What is b(x)?
-5
Suppose l + l = 0. Let d = 9 + -6. Let v(f) = -f**2 - 7 + 0*f**3 - 1 - 2*f**d + f**3. Determine v(l).
-8
Let f(s) = 2*s - 5. Let o(g) = -g**3 - 6*g**2 + 5*g - 10. Let k be o(-7). Suppose k*d = -6 + 22. What is f(d)?
3
Let b(l) = -3*l**3 - l**2. Let z be b(-1). Let c be 2/((-6)/4 + z). Suppose o - c*o + 6 = 0. Let i(a) = a**2 - 2. Determine i(o).
2
Let g(a) = -a + 11 - 2 - 10. Calculate g(9).
-10
Let n be 3 + -2 + 1 + 0. Let g(q) = q - 2 - n + 0*q. Suppose 0 = r - 5*b + 6, 2*r = -2*r - 5*b + 26. Determine g(r).
0
Let q(j) = -69 - 3*j**2 - 3*j**2 + 68 - 2*j. Calculate q(-1).
-5
Let w = -5 - -5. Let m(s) be the third derivative of -2/3*s**3 - 1/24*s**4 + 3*s**2 - 1/120*s**6 + 1/12*s**5 + w*s + 0. What is m(3)?
11
Let j(m) = -m**3 + 3*m**2 + m + 2. Let a be (-360)/(-70) + 1/(-7). Let w be ((-6)/a)/((-22)/55). Give j(w).
5
Suppose 5*b - 6 = -11. Let t(x) = 14*x**2 - 1. Determine t(b).
13
Let y(s) = s**2 + s. Let a(r) = 5*r - 11. Let q(k) = -4*k + 10. Let o(g) = 3*a(g) + 4*q(g). Let p be o(0). Suppose -p*d = -4*d - 6. Give y(d).
6
Let s(y) be the third derivative of -1/6*y**4 + 0*y + 0 - 1/6*y**3 + y**2. Determine s(-2).
7
Let s(r) = r**3 - 6*r**2 - 6*r + 6. Suppose -a + 7 = -0. Calculate s(a).
13
Let i be ((-32)/24)/((-2)/(-3)). Let d(a) = -4*a**2 + 3*a - 6. Let l(m) = 11*m**2 - 9*m + 17. Let r(c) = -17*d(c) - 6*l(c). What is r(i)?
2
Suppose -l + 14 = -3*i, 0 = -2*l + l - 3*i + 2. Let m = 8 - l. Let c(p) = p - 4. Determine c(m).
-4
Suppose -1 = -a - n + 1, -4*n = -3*a + 6. Let k(p) = -a - 4 + 4 - p**3 + p - 4*p**2. Determine k(-4).
-6
Let z be 24/9 + 1/3. Suppose -2*h + 4*f + 48 = 2*h, 4*h - z*f = 52. Let d(y) = h - 16 - y**2 - 4*y. Determine d(-3).
3
Let x = -27 - -18. Let v = x - -11. Let o(m) = -2*m + 3. Give o(v).
-1
Suppose 3*i = -0*c - 4*c - 6, 0 = -5*c - 4*i - 7. Let x(h) = h**3 + 3*h**2 + 3*h. Give x(c).
-9
Let b(s) = -s**3 - 6*s**2 - 4*s. Let y be (-1 - 3)*2/4. Let p be (-160)/30 + y/(-6). What is b(p)?
-5
Let a(v) = v**3 + 2*v**2 - v - 1. Suppose 0 = -0*p - p - 1. Let m be (-12)/2 - 3/p. Give a(m).
-7
Let d(w) = w**3 + 7*w**2 + 5*w - 3. Let v = -28 - -10. Let r = v + 12. Determine d(r).
3
Let s(z) = -5*z - 3. Let i = -1 + -2. Let h be 2/(-1) + i + -1. Let m be (-9)/h*(-6 - -4). Determine s(m).
12
Let h(y) = 4 + 6 - 4*y + 1 + 5*y. Give h(-6).
5
Let a(q) be the second derivative of -q**4/12 - q**3/6 + q**2/2 - 18*q. Let c(x) = x**3 + 5*x**2 + 4*x + 1. Let j be c(-4). What is a(j)?
-1
Let v(s) = 2*s**2 + s. Let c = 28 + -27. What is v(c)?
3
Let d(s) be the second derivative of s**3 + s**2 - s. Let m be (13 + -7)/(1 - (3 - 0)). What is d(m)?
-16
Let t(v) = -v**3 - 7*v**2 - 6*v - 3. Let n be (-10 - -10)/((-1)/(-1)). Let p = 2 + n. Suppose p*j - 3*k + 0*k = -15, 3*j - 4*k = -22. What is t(j)?
-3
Let k(c) = -2*c**3 - 8*c**2 + 3*c + 2. Let a(t) = -2*t**3 - 7*t**2 + 2*t + 1. Let o(g) = -5*a(g) + 4*k(g). Give o(-2).
-5
Let a(w) = 11*w**2 + 29*w - 5. Let p(l) = -7*l**2 - 19*l + 3. Let q(u) = 5*a(u) + 8*p(u). Give q(-3).
11
Let g be 57/228 - (5/(-4) + -1). Let r(y) be the first derivative of g*y**2 + y + 3. Give r(-2).
-9
Let i(m) = m + 3. Let w be i(-4). Let k(a) = -2*a**3 - 1. Calculate k(w).
1
Let v(j) = -j - 4. Let p be v(-4). Let s(u) = -u**2 - u. Calculate s(p).
0
Suppose 2*y = 5*t - 5 - 34, y + 3*t - 8 = 0. Let m(a) = a + 4. Calculate m(y).
-3
Suppose -4*o - 11 = 13. Let m(d) = -2*d**2 - d**3 - 4 - 7*d - 7*d**2 + 2*d**2. What is m(o)?
2
Let j(i) = -i**3 + i**2 + 2*i - 1. Let v be j(-2). Let z(p) = p + 3. Let o be z(v). Let a = -6 + o. Let d(y) = y**3 - 3*y**2 - 7*y + 6. Calculate d(a).
-6
Let a = 11 + -7. Let f(h) be the second derivative of h**4/12 - h**3/6 + 3*h**2/2 - 2*h - 5. What is f(a)?
15
Let a(i) be the first derivative of -2*i - 1/2*i**2 + 8. Calculate a(-3).
1
Let t = 35 - 34. Let m be 4/((t + -2)/1). Let s(w) = -1 - 2*w + 3*w + 5. Calculate s(m).
0
Suppose 0 = 2*u + 3*z + 9, 3*z + 32 = 4*u + 5. Suppose 6 = u*k - 2*k. Let g(s) = s**2 - 5*s + 7. Give g(k).
13
Let l(o) = 22 + 21 - 45 + o. Calculate l(-3).
-5
Let w(p) = -2*p**2 + 2*p + 1. Let n(v) = -v**2 + 5*v + 8. Let u be n(6). Let g be w(u). Let y(i) = -3*i - 1. Calculate y(g).
8
Let c(a) = -4*a + 1 + 3*a**2 - 2*a**2 + 2. Suppose 2 = 4*n - 3*n. What is c(n)?
-1
Let l(v) = v**3 + 12*v**2 + 10*v - 11. Let t be l(-11). Let c be (-1)/(-2)*t/4. Let d(f) = -10*f + c - 1 + 1. Determine d(1).
-10
Let g(i) = 7*i + 0*i - 145 + 148. Give g(4).
31
Let i(v) = v**3 + 5*v**2 - 5*v - 2. Let d be (-1*(-7 - 2))/((-3)/2). What is i(d)?
-8
Let k(p) = -p**3 + p - 1. Suppose 2*d - 2*a - 13 = -a, -2*d + 4*a = -16. Suppose -4*g + 2*i + d = 0, 4 = 2*g + i - 1. Calculate k(g).
-7
Let f = 2 - -2. Suppose 0 = l + 3 - 1, 5*l = -2*z - f. Let n(h) = h**3 - 4*h**2 + h. Give n(z).
-6
Let t(w) = 132 - w - 132. Calculate t(-2).
2
Let n(j) = j - 5. Let f(i) = -7*i**2 + 2*i - 1. Let m be f(1). Let b be (m + 1)*63/15. Let o be (-8)/28 + 78/b. Determine n(o).
-9
Suppose -7 - 9 = -c. Let h be 1/3 - c/12. Let d(z) = -8*z**2 - z - 1. Let g(n) = 25*n**2 + 4*n + 4. Let s(m) = 7*d(m) + 2*g(m). Determine s(h).
-6
Let c(h) = -7*h + 1. Let u(i) = -29*i + 3. Let v(q) = 9*c(q) - 2*u(q). Suppose 4*w = -0*w. Suppose w*k - 2 = -k. Calculate v(k).
-7
Let w(y) = -13*y + 9. Let t(c) = -6 - 10*c + 9 - 2*c + 5. Let s(k) = -6*t(k) + 5*w(k). Calculate s(2).
11
Suppose -2*n + 3*n + 4*a = -13, 5*n = -3*a + 20. Let q = n + -3. Let g(x) = x - 4*x + q*x + 6. Calculate g(0).
6
Let r(y) = -y - 3. Let c(m) = 0*m + 2*m - 1 + 7. Let d(t) = -3*c(t) - 7*r(t). Determine d(-4).
-1
Let d(t) = -7*t**3 - t + 1. Suppose 3*v - 2*k - 3 = -0, 2*v + 2*k = 2. Calculate d(v).
-7
Let b(c) = -c**2 - 11*c + 2. Suppose -6*n - 37 - 29 = 0. Calculate b(n).
2
Let u(c) = 3*c**2 - 4 - 5*c**3 + c + 0*c - 10*c**2 + 6*c**3. Give u(7).
3
Let c(j) be the second derivative of -2*j**2 - 2*j + 0 - 1/6*j**3. What is c(-6)?
2
Let c(v) be the first derivative of -v**5/30 + v**4/24 - 2*v**3/3 + 2. Let o(r) be the third derivative of c(r). Let b = 54 - 55. Determine o(b).
5
Let o(a) = 6*a + 7. Let x(v) = -v**2 + v + 2. Let y(q) = o(q) + x(q). What is y(9)?
-9
Let a(s) be the second derivative of -s**4/12 + 7*s**3/6 - s**2 - 10*s. Suppose 10 + 2 = 4*z. Suppose -5*u + 4*i = -33, 2*u = z*i + 13 + 3. Give a(u).
8
Let t(h) = 0*h**2 - 2 + 6 + 20*h - 27*h + h**2. What is t(5)?
-6
Let w = -8 + 14. Let h be w/15 + 51/(-15). Let l(p) = -p**3 - 4*p**2 - 3*p + 4. Give l(h).
4
Let r(l) = l**2 + 4*l - 5. Let s be (0 + (-40)/(-12))*(-6)/4. Give r(s).
0
Let r(l) = l - 5. Let p = -5 - -5. Determine r(p).
-5
Let y(l) be the second derivative of l**5/20 + l**4/2 - l**3/6 + l**2 - 2*l. Suppose 32 = -5*w + 2. Determine y(w).
8
Let s(r) = 95*r - 94*r - 3 + 1. What is s(2)?
0
Let s(p) = -p**3 - 8*p**2 + 2. Let y be s(-8). Let a(v) = -4 - 3 + y + v + 2. Calculate a(-3).
-6
Let i(a) = 11*a**2 - 14*a**2 + 2*a**3 - 4 - a**3. Determine i(3).
-4
Let y(h) = -h**3 - 3*h**2 + 2*h - 7. Let l be y(-4). Let o(m) = m + 1. Calculate o(l).
2
Let m(p) = -p**3 - 2*p**2 - p + 12. Let o(d) = -d**3 - d**2 - d + 11. Let x(q) = -2*m(q) + 3*o(q). Let c(b) = 2*b + 8. Let k be c(-4). Calculate x(k).
9
Let n(r) = r**3 + r**2 + 4. Let g be n(0). Let m(o) = -o**3 + 4*o**2 + 2*o - 2. Calculate m(g).
6
Suppose -v - 10 = -4*o + o, 12 = -2*o - 4*v. Let y = -2 - -2. Let n(x) = -1 - 1 - 2*x + y. Calculate n(o).
-6
Let k(j) = 6*j - 1. Suppose 5*x - 2*x + 15 = 0. Let v = 4 - x. Let h(w) = -w**2 + 10*w - 10. Let l be h(v). Calculate k(l).
-7
Let c(n) be the first derivative of 2*n - 2 - 2*n**2 + 1/3*n**3. Calculate c(4).
2
Let f be (-4)/6*(2 + -11). Let n(z) be the second derivative of z + z**2 - 1/6*z**3 + 0. Calculate n(f).
-4
Let x(a) be the second derivative of -5/2*a**2 - 1/2*a**3 + 5*a + 0. Give x(-4).
7
Let n = 0 + -1. Let i be 2 + (-1)/n*0. Let d(z) = z**2 - z - 4. Let o(x) = -3*x**2 + 3*x + 9. Let v(j) = -9*d(j) - 4*o(j). Give v(i).
6
Let o(s) = -s - 1. Let i(u) = -6*u**2 + 2*u + 3. Let x(f) = i(f) + 4*o(f). Suppose 2*v = -5*y - 5, 3*v - 4 = -2*y + 6*y. Let h = v + -1. Calculate x(h).
-5
Let k